29, -c*u + 0*u + 16 = -q. What is the units digit of u?
5
Suppose 0 = -5*s - 21 + 121. Let h(n) = -n**2 + 5*n. Let v be h(4). Let i = s - v. What is the units digit of i?
6
Let b be (-16)/20 - (-2)/(-10). Let p be 5 - (1 - 0/2). Let q = b + p. What is the units digit of q?
3
Let q(y) = -y**3 + 4*y**2 - 3*y + 3. What is the units digit of q(2)?
5
Let x = 183 + -81. What is the units digit of x?
2
Let j be (-12)/21 - 4/(-7). Suppose 8*d - 5*d - 78 = j. What is the tens digit of d?
2
Suppose o - 5*o = 12. Let l = 6 + o. Suppose 4*s = l*c + 9, -3 = 4*c - 3*s + 2. What is the units digit of c?
1
Let y(p) = p**3 - 5*p**2 - 4*p - 7. Let n be y(6). Suppose -4*m + m = 4*s - 4, 5*s - 5*m = n. Suppose 7 - s = a. What is the units digit of a?
6
What is the tens digit of (-164 + 0 - -5)*-1?
5
Let v(a) = a - 6. Let g be v(7). Suppose i + g = z - i, -2*z + 2 = 4*i. What is the units digit of z?
1
Let l be 5 + 0 + -10 + 7. Suppose h + 3 = l*h. What is the units digit of h?
3
Let m(z) = -7*z - 9. What is the tens digit of m(-7)?
4
What is the tens digit of (13/39)/(2/102)?
1
Suppose 17 = 2*z - 3. What is the units digit of ((-2)/z)/((-2)/10)?
1
Let j be ((-8)/(-10))/(9/945). Suppose y = 4*z + j, -z - 76 = 2*z - 4*y. What is the units digit of 22/8 - 5/z?
3
Suppose 0 = -0*s - 3*s - 33. Let j(w) = -w**2 - 12*w - 12. Let l be j(s). Let g = 0 - l. What is the units digit of g?
1
Suppose -5*w + 84 = 289. Let m = -10 - w. What is the tens digit of m?
3
Suppose 2 = -s + 7. Suppose -5*r = -3*q + 16, -r - 39 = -s*q - 5*r. What is the units digit of q?
7
Let n(b) = -b**3 + 13*b**2 - 20*b + 1. What is the units digit of n(11)?
3
Suppose 10*h = 5*h + 315. What is the tens digit of h?
6
Let s(y) = y**3 - 11*y**2 + 7*y + 6. Let p(f) = -f**3 + f**2 + f + 1. Let a(b) = 2*p(b) + s(b). What is the units digit of a(-10)?
8
Suppose -5*i - 82 = -32. Let a(o) = -o + 2. Let p be a(1). What is the units digit of (16 - p)*(-4)/i?
6
Let p(n) = n**3 + 11*n**2 - 3*n + 8. Let u(s) = s**3 + 10*s**2 - 2*s + 7. Let y(f) = -5*p(f) + 6*u(f). What is the units digit of y(-2)?
8
Suppose 9 = v + 4. Suppose l = 2*z - 80, -25 = -5*z + v*l + 175. What is the tens digit of z?
4
Let z(j) = j + 13. Let g be z(-9). Suppose -2*m - 20 = -g*r, -m - 19 = -0*r - 5*r. Suppose 4*n + 5*t - 26 = 0, 3*n - r*t = n + 2. What is the units digit of n?
4
Suppose 4*o - 116 = -4*t, -t - 3*o = -29 - 10. Suppose 2*y - t = -y. What is the units digit of y?
8
Suppose -6*p + 10 = -p. Let d = 5 - p. Suppose 9 = d*j - 0. What is the units digit of j?
3
Let y(l) = l**2 - 6*l - 11. Let v be y(8). Suppose v*k - 120 = 3*w, 5*k + 0*w - 130 = w. What is the units digit of k?
7
Let u(j) be the second derivative of -j**5/20 - j**4/2 - 2*j**3/3 + 3*j**2 - 2*j. Let f = -15 + 10. What is the units digit of u(f)?
1
Let c = -31 - -71. What is the units digit of c?
0
Let i = 175 + -48. What is the tens digit of i?
2
Let l(d) = -3*d + 2. What is the units digit of l(-2)?
8
Let d(k) = 2*k**3 - 4*k**2 + 2*k. Let l be d(3). Suppose -8*g + l = -4*g. What is the units digit of g?
6
Let z(x) = x + 1. Let o be z(-6). Let s = -7 + o. Let c = -3 - s. What is the units digit of c?
9
Let g = 271 - 150. What is the hundreds digit of g?
1
Suppose -4*m + i = -i + 24, 5*i - 18 = 3*m. Let v(q) be the first derivative of -q**4/4 - 2*q**3 - q**2 - 9*q + 2. What is the units digit of v(m)?
3
What is the units digit of (-10)/6*-3*20?
0
Let s(f) = f**3 + 17*f**2 + 13*f - 20. What is the tens digit of s(-16)?
2
Suppose 27 = 2*l - 5. Suppose -9 + 1 = p. Let t = p + l. What is the units digit of t?
8
Let i = 4 + -1. Suppose 0 = -k + 2 + i. Let n(m) = 2*m + 7. What is the tens digit of n(k)?
1
What is the units digit of (652/6)/(3/(27/6))?
3
Suppose -2*n + 5 + 1 = 0. Suppose -n*z = -4*z + 2*s - 6, 2*z - 5*s = -11. What is the units digit of (-4)/z - 45/(-6)?
8
What is the tens digit of (-4215)/(-10)*(-2)/(-3)?
8
Let z(y) = 4*y**2 + 5*y - 10. What is the units digit of z(4)?
4
Let g = 1 - 1. Let k be (4 - 4) + (20 - g). Let a = k - 11. What is the units digit of a?
9
Let h(n) = 1 + n + 1 + 0. What is the units digit of h(4)?
6
Suppose -10*r + 3910 = -0*r. What is the hundreds digit of r?
3
Suppose 2*w = -w + 12. Suppose -4*o + w = -16. Suppose o = s - 3. What is the units digit of s?
8
Suppose -91 = b - 145. What is the tens digit of b?
5
What is the tens digit of -31*(-2)/(-8)*2*-2?
3
Let u(k) = k + 1. Let g(a) = 4*a + 10. Let j(d) = 2*g(d) - 10*u(d). What is the tens digit of j(0)?
1
Let a(h) = -h**3 - 3*h**2 + 8*h. Suppose -3*f - 30 = 2*f. Let t be a(f). Suppose 3*o - g - 38 = 0, -5*o + t = -3*g + 2*g. What is the units digit of o?
1
Let c be (-4)/12 - 106/6. Let b = c - -27. What is the units digit of b?
9
Let d be (-1 + -44)/((-12)/40). Suppose -9*g + d = -4*g. What is the units digit of g?
0
Let c(b) = 4 + 3*b**2 - 2 + 3*b - 4*b. What is the tens digit of c(2)?
1
Suppose 2*a + 105 = 3*a. What is the units digit of (-4)/6 - a/(-9)?
1
Suppose 5 = y + 4*y. Let t be (0/y*-1)/(-1). Suppose t*u + 4*u = 8. What is the units digit of u?
2
Let r be (-1)/(-2)*(7 + -7). What is the tens digit of 11*1*(1 - r)?
1
Let v = 4 + 2. Let x be (-190)/(-14) + 6/14. Suppose x = 4*s - v. What is the units digit of s?
5
Let l = -8 - -8. Suppose 0 = -5*z - 3*r + 70, l*z - r = -3*z + 42. What is the units digit of z?
4
Let o be 4/1 + 12/6. Suppose v + 2*y - o*y - 13 = 0, 19 = 5*v + 3*y. What is the units digit of v?
5
Let a = 21 - 16. Let o(u) = -u - 7. Let d(t) = -2*t - 11. Let c(n) = -5*d(n) + 8*o(n). What is the units digit of c(a)?
9
Let w = -4 - -2. Let h be (1/w)/(3/36). What is the units digit of (-2)/h + 228/18?
3
Suppose 22 = -3*h - 2*q - 16, -2*h - q - 26 = 0. What is the units digit of (972/(-126))/(3/h)?
6
Suppose -4*w - 22 = -2*z, -5*z + 0*w = w - 110. What is the tens digit of z?
2
Let c be -1 + (2 - 1 - -2). Suppose -b + 18 = c*b. Let j = 0 + b. What is the units digit of j?
6
Suppose -3*x + 137 = 2*t, 2*t - 4*t - 5*x + 139 = 0. What is the units digit of t?
7
Suppose 11 = 5*a - 9. Let k(u) = -u**2 + 3*u + 4. Let s be k(a). Suppose s = v + 3 - 11. What is the units digit of v?
8
Let b = -8 + 8. Suppose 2*x + 0 - 4 = b. What is the units digit of x?
2
Let c = -24 - -33. What is the units digit of c?
9
Suppose 0 = -8*j + 3*j + 25. Suppose 2*l = l + 4*k + 4, 2*k - 4 = -l. Suppose l = 3*z - 2*i, 4*z + 5*i = j*z + 3. What is the units digit of z?
2
Let z(i) = -i**2 - 25*i - 27. What is the tens digit of z(-17)?
0
Suppose 4*k + 5*f - 39 = -11, -2*k - 4 = -2*f. Let c be k/9 + (-212)/(-18). Suppose -v + c = 3. What is the units digit of v?
9
Suppose 2*f - 2 - 2 = 5*z, -2*f + 12 = -3*z. What is the tens digit of f?
1
Let p(m) = 4*m**2 - 11*m - 10. What is the units digit of p(-5)?
5
Suppose i - 127 = -i + n, 77 = i - 5*n. What is the units digit of i?
2
Let s = -16 + 40. What is the units digit of -7*(s/21 + -2)?
6
Suppose 0 = -2*c - 7 - 1. Let d = 5 + c. What is the units digit of 1/(d/5) + 2?
7
Suppose 4*o + 34 = 3*g, 5*o - 9*o = 2*g + 4. Let s(y) = 2*y - 6. What is the units digit of s(g)?
6
Let d(g) = g + 10. Let y be d(-7). Suppose y*z = 2*f - 9 + 35, z = -f + 7. What is the units digit of z?
8
Let g = -9 + 22. What is the tens digit of g?
1
Let c(n) = -n + 1. Let m be c(1). Suppose m*a - 16 = -4*a. Suppose -12 = -a*b - 4*d + 6*d, 4*d = -5*b + 2. What is the units digit of b?
2
Let j(y) = -2*y**2 - 5*y - 16. Let d(v) = 3*v**2 + 4*v + 17. Let n(l) = -3*d(l) - 4*j(l). What is the units digit of n(9)?
4
What is the units digit of (-81)/(-6) - (-3)/2?
5
Suppose 5*p + 12 = 3*h, 3*h = -0*h + 4*p + 12. Suppose h*k = -0*k + 60. What is the units digit of k?
5
Suppose -2 - 2 = 4*d, -4*u = 5*d - 123. Let t = u - 22. What is the units digit of t?
0
Let h(i) = -4*i + 6. Let y = 4 + 1. Let b be h(y). Let v = b - -21. What is the units digit of v?
7
Suppose o + i - 109 = 5*o, -o + i = 31. Let a = 42 + o. What is the units digit of a?
6
Let c be (3/(-2))/(6/(-8)). Suppose c*z - 4 = -0. Suppose -z*l + k + 0*k + 8 = 0, 4*l - 4*k - 8 = 0. What is the units digit of l?
6
Let h(p) = -13*p. Let y be h(1). Let d = y + 9. What is the units digit of (-12)/(-5) - d/(-10)?
2
Let c be 3*(-10)/(-3) - -2. Let b = c - 54. Let w = -21 - b. What is the units digit of w?
1
Let u(f) be the third derivati